  {"id":1712,"date":"2021-06-13T11:21:04","date_gmt":"2021-06-13T09:21:04","guid":{"rendered":"http:\/\/aarrehajobs:8888\/?page_id=1712"},"modified":"2021-07-07T10:02:25","modified_gmt":"2021-07-07T08:02:25","slug":"ueber-die-aarreha","status":"publish","type":"page","link":"https:\/\/aarreha.ch\/jobs\/nuetzliches-infos\/ueber-die-aarreha\/","title":{"rendered":"\u00dcber die aarReha"},"content":{"rendered":"<p>Eine f\u00fchrende Institution f\u00fcr Rehabilitation in der Schweiz, spezialisiert auf die Behandlung von Erkrankungen des Bewegungsapparates, chronischen Schmerzen, Einschr\u00e4nkungen nach Operationen und geriatrischen Beeintr\u00e4chtigungen.<\/p>\n","protected":false},"excerpt":{"rendered":"<p>Eine f\u00fchrende Institution f\u00fcr Rehabilitation in der Schweiz, spezialisiert auf die Behandlung von Erkrankungen des Bewegungsapparates, chronischen Schmerzen, Einschr\u00e4nkungen nach (&#8230;)<\/p>\n","protected":false},"author":1,"featured_media":0,"parent":1634,"menu_order":0,"comment_status":"closed","ping_status":"closed","template":"","meta":{"_acf_changed":false,"footnotes":""},"class_list":["post-1712","page","type-page","status-publish","hentry"],"acf":[],"aioseo_notices":[],"_links":{"self":[{"href":"https:\/\/aarreha.ch\/jobs\/wp-json\/wp\/v2\/pages\/1712","targetHints":{"allow":["GET"]}}],"collection":[{"href":"https:\/\/aarreha.ch\/jobs\/wp-json\/wp\/v2\/pages"}],"about":[{"href":"https:\/\/aarreha.ch\/jobs\/wp-json\/wp\/v2\/types\/page"}],"author":[{"embeddable":true,"href":"https:\/\/aarreha.ch\/jobs\/wp-json\/wp\/v2\/users\/1"}],"replies":[{"embeddable":true,"href":"https:\/\/aarreha.ch\/jobs\/wp-json\/wp\/v2\/comments?post=1712"}],"version-history":[{"count":0,"href":"https:\/\/aarreha.ch\/jobs\/wp-json\/wp\/v2\/pages\/1712\/revisions"}],"up":[{"embeddable":true,"href":"https:\/\/aarreha.ch\/jobs\/wp-json\/wp\/v2\/pages\/1634"}],"wp:attachment":[{"href":"https:\/\/aarreha.ch\/jobs\/wp-json\/wp\/v2\/media?parent=1712"}],"curies":[{"name":"wp","href":"https:\/\/api.w.org\/{rel}","templated":true}]}}